{"id":3,"date":"2021-04-19T09:37:39","date_gmt":"2021-04-19T09:37:39","guid":{"rendered":"https:\/\/g-d-t.de\/homepage\/?page_id=3"},"modified":"2021-04-26T10:55:42","modified_gmt":"2021-04-26T10:55:42","slug":"privacy-policy","status":"publish","type":"page","link":"https:\/\/g-d-t.de\/homepage\/privacy-policy\/","title":{"rendered":"Impressum"},"content":{"rendered":"\t\t<div data-elementor-type=\"wp-page\" data-elementor-id=\"3\" class=\"elementor elementor-3\">\n\t\t\t\t\t\t<section class=\"elementor-section elementor-top-section elementor-element elementor-element-6dad6551 elementor-section-boxed elementor-section-height-default elementor-section-height-default\" data-id=\"6dad6551\" data-element_type=\"section\">\n\t\t\t\t\t\t<div class=\"elementor-container elementor-column-gap-default\">\n\t\t\t\t\t<div class=\"elementor-column elementor-col-100 elementor-top-column elementor-element elementor-element-3c2c0908\" data-id=\"3c2c0908\" data-element_type=\"column\">\n\t\t\t<div class=\"elementor-widget-wrap elementor-element-populated\">\n\t\t\t\t\t\t<div class=\"elementor-element elementor-element-592a2fd elementor-widget elementor-widget-heading\" data-id=\"592a2fd\" data-element_type=\"widget\" data-widget_type=\"heading.default\">\n\t\t\t\t<div class=\"elementor-widget-container\">\n\t\t\t\t\t<h2 class=\"elementor-heading-title elementor-size-default\">Impressum<\/h2>\t\t\t\t<\/div>\n\t\t\t\t<\/div>\n\t\t\t\t<div class=\"elementor-element elementor-element-42ba91e0 elementor-widget elementor-widget-text-editor\" data-id=\"42ba91e0\" data-element_type=\"widget\" data-widget_type=\"text-editor.default\">\n\t\t\t\t<div class=\"elementor-widget-container\">\n\t\t\t\t\t\t\t\t\t<p><\/p>\n<p>Kontakt:<\/p>\n<p>GDT IT Consult GmbH<\/p>\n<p>G\u00f6rresstra\u00dfe 39<\/p>\n<p>48147 M\u00fcnster<\/p>\n<p>Telefon: 0251-2006735<\/p>\n<p>\u00a0<\/p>\n<p>Gesch\u00e4ftsf\u00fchrer: Thomas Niehoff &amp; Gereon Scheideler<br \/>Sitz der Gesellschaft: G\u00f6rresstra\u00dfe 39, 48147 M\u00fcnster<br \/>Amtsgericht: M\u00fcnster<br \/>HRB: 5879<br \/>SteuerNr.:337\/591\/0704\u00a0<\/p>\n<p><span style=\"font-weight: 400;\">Zertifizierter Datenschutzbeauftragter: Thomas Niehoff<\/span><span style=\"font-weight: 400;\">\u00a0<\/span><\/p>\n<p>\u00a0<\/p>\n<p>Haftungshinweis:<\/p>\n<p>Diese Webseite enth\u00e4lt ggf. externe Links zu Webseiten Dritter. Trotz sorgf\u00e4ltiger inhaltlicher Kontrolle unserer Webseite \u00fcbernehmen wir keine Verantwortung und Haftung f\u00fcr die Inhalte externer Links. F\u00fcr die Inhalte der verlinkten Seiten sind ausschlie\u00dflich deren Anbieter verantwortlich.<\/p>\n<p>Die Inhalte dieser Seite und Folgenseiten sowie deren Gestaltung sind geistiges Eigentum der GDT IT Consult GmbH oder der jeweils namentlich genannten nat\u00fcrlichen und\/oder juristischen Personen und unterliegen dem Urheberrechtsschutz. Das Herunterladen (der Download) von Inhalten ohne ausdr\u00fcckliche schriftliche Zustimmung des jeweiligen Urhebers ist ausschlie\u00dflich zum pers\u00f6nlichen, privaten und nicht kommerziellen Gebrauch gestattet. In keinem Fall haftet die GDT f\u00fcr die Richtigkeit, Vollst\u00e4ndigkeit und\/oder Aktualit\u00e4t der auf unserer Webseite zur Verf\u00fcgung gestellten Inhalte.<\/p>\n<p>GDT IT Consult GmbH<\/p>\n<p><\/p>\t\t\t\t\t\t\t\t<\/div>\n\t\t\t\t<\/div>\n\t\t\t\t<div class=\"elementor-element elementor-element-58e7357 elementor-widget elementor-widget-heading\" data-id=\"58e7357\" data-element_type=\"widget\" data-widget_type=\"heading.default\">\n\t\t\t\t<div class=\"elementor-widget-container\">\n\t\t\t\t\t<h2 class=\"elementor-heading-title elementor-size-default\">Datenschutz<\/h2>\t\t\t\t<\/div>\n\t\t\t\t<\/div>\n\t\t\t\t<div class=\"elementor-element elementor-element-7fc0d20 elementor-widget elementor-widget-text-editor\" data-id=\"7fc0d20\" data-element_type=\"widget\" data-widget_type=\"text-editor.default\">\n\t\t\t\t<div class=\"elementor-widget-container\">\n\t\t\t\t\t\t\t\t\t<h3>Auskunftsrecht, Recht auf Berichtigung, Sperrung, L\u00f6schung, Widerspruch<\/h3>\n<p>\u00a0<\/p>\n<p>Auf schriftliche Anfrage informieren wir Sie \u00fcber die zu Ihrer Person durch uns gespeicherten Daten. Sie haben auch ein Recht auf Berichtigung, Sperrung, Widerspruch oder L\u00f6schung dieser Daten. Die Anfrage ist an unsere im\u00a0<a href=\"https:\/\/g-d-t.de\/Impressum.htm\">Impressum<\/a>\u00a0der Webseite angegebene Adresse zu richten.<\/p>\n<p>\u00a0<\/p>\n<h3>Widerrufsrecht<\/h3>\n<p>\u00a0<\/p>\n<p>Sie haben jederzeit die M\u00f6glichkeit, der Erhebung, Verarbeitung und Nutzung Ihre Daten zu widersprechen und\/oder Ihre Einwilligung zur Erhebung, Verarbeitung und Weitergabe Ihrer personenbezogenen Daten uns gegen\u00fcber mit Wirkung f\u00fcr die Zukunft zu widerrufen. Wenden Sie sich hierzu bitte an unsere im\u00a0<a href=\"https:\/\/g-d-t.de\/Impressum.htm\">Impressum<\/a>\u00a0der Webseite angegebene Adresse.<\/p>\n<p>\u00a0<\/p>\n<h3>Allgemeine Erhebung von Daten<\/h3>\n<p>\u00a0<\/p>\n<p>Wenn Sie auf unsere Webseite zugreifen oder eine Datei abrufen, werden Daten \u00fcber diesen Vorgang in einer Protokolldatei auf unserem Webserver gespeichert. Im Einzelnen k\u00f6nnen folgende Daten gespeichert werden:<\/p>\n<p>\u00a0<\/p>\n<ul>\n<li>IP-Adresse (wenn m\u00f6glich, wird diese anonymisiert gespeichert)<\/li>\n<li>Domain-Name der Webseite, von der Sie kamen<\/li>\n<li>Namen der abgerufenen Dateien<\/li>\n<li>Datum und Uhrzeit eines Abrufs<\/li>\n<li>Name Ihres Internet Service Providers<\/li>\n<li>sowie ggf. Betriebssystem und Browserversion Ihres Endger\u00e4ts<\/li>\n<\/ul>\n<p>\u00a0<\/p>\n<p>IP-Adressen speichern wir, wenn \u00fcberhaupt, \u00fcber einen Zeitraum von 5 Tagen und zwar, um die Stabilit\u00e4t und die Sicherheit unseres Systems zu gew\u00e4hrleisten. Die statistische Auswertung anonymisierter Datens\u00e4tze bleibt vorbehalten.<\/p>\n<p>\u00a0<\/p>\n<h3>Cookies<\/h3>\n<p>\u00a0<\/p>\n<p>Unsere Internetseite verwendet keine Cookies.<br \/><br \/><\/p>\n<h3>Verweise auf Webseiten Dritter<\/h3>\n<p>\u00a0<\/p>\n<p>Auf dieser Webseite werden Verweise auf Webseiten Dritter in Form sogenannter Links bzw. Verlinkungen angeboten. Erst wenn Sie auf einen solchen Link klicken, werden Daten zum Linkziel \u00fcbertragen. Dies ist technisch notwendig. Die \u00fcbertragenen Daten sind insbesondere: Ihre IP-Adresse, der Zeitpunkt zu dem Sie den Link angeklickt haben, die Seite auf der Sie den Link angeklickt haben, Angaben zu Ihrem Internet-Browser. Wenn Sie nicht m\u00f6chten, dass diese Daten zum Linkziel \u00fcbertragen werden, klicken Sie den Link nicht an.<\/p>\n<p>\u00a0<\/p>\n<h3>Links zu anderen Webseiten<\/h3>\n<p>\u00a0<\/p>\n<p>Unsere Website\/App kann von Zeit zu Zeit Links zu Websites Dritter oder zu anderen Websites von uns selbst enthalten. Wenn Sie einem Link zu einer dieser Websites folgen, weisen wir Sie darauf hin, dass diese Websites ihre eigenen Datenschutzrichtlinien haben und dass wir f\u00fcr diese Richtlinien keine Verantwortung oder Haftung \u00fcbernehmen. Bitte \u00fcberpr\u00fcfen Sie diese Datenschutzrichtlinien, bevor Sie personenbezogenen Daten an diese Websites weitergeben.<\/p>\n<p>\u00a0<\/p>\n<h3>Vertraulichkeit Ihres Kundenzugangs<\/h3>\n<p>\u00a0<\/p>\n<p>Wenn Sie Zugang zu einem gesch\u00fctzten Bereich auf unserer Webseite erhalten haben, der durch ein Passwort gesichert ist, sind Sie daf\u00fcr verantwortlich, dieses Passwort vertraulich zu behandeln. Wir bitten Sie, das Passwort niemandem mitzuteilen.<br \/><br \/><\/p>\n<h3>Recht auf Daten\u00fcbertragbarkeit<\/h3>\n<p>\u00a0<\/p>\n<p>\u00a0<\/p>\n<p>Sie haben das Recht die Sie betreffenden personenbezogenen Daten, die Sie uns bereitgestellt haben, in einem strukturierten, g\u00e4ngigen und maschinenlesbaren Format zu erhalten.<br \/><br \/><\/p>\n<h3>Recht auf Beschwerde bei einer Aufsichtsbeh\u00f6rde<\/h3>\n<p>\u00a0<\/p>\n<p>\u00a0<\/p>\n<p>Jede betroffene Person hat unbeschadet eines anderweitigen verwaltungsrechtlichen oder gerichtlichen Rechtsbehelfs das Recht auf Beschwerde bei einer Aufsichtsbeh\u00f6rde, insbesondere in dem Mitgliedstaat ihres Aufenthaltsorts, ihres Arbeitsplatzes oder des Orts des mutma\u00c3\u0178lichen Versto\u00c3\u0178es, wenn die betroffene Person der Ansicht ist, dass die Verarbeitung der sie betreffenden personenbezogenen Daten gegen die Datenschutzgrundverordnung der EU (DS-GVO) verst\u00f6\u00dft.<\/p>\n<p>\u00a0<\/p>\n<h3>Google Maps<\/h3>\n<p>\u00a0<\/p>\n<p>Diese Internetpr\u00e4senz verwendet die Kartensoftware Google Maps von Google Inc., 1600 Amphitheatre Parkway, Mountain View, CA 94043, USA. Durch die Nutzung dieser Webseite erkl\u00e4ren Sie sich mit der Erfassung, Bearbeitung und Nutzung der m\u00f6glicherweise automatisiert erhobenen Daten durch Google und dessen Vertretern einverstanden.<\/p>\n<p><a href=\"https:\/\/www.google.com\/intl\/de_de\/help\/terms_maps.html\">Nutzungsbedingungen von Google Maps<\/a>.<\/p>\n<p><a href=\"https:\/\/www.google.de\/intl\/de\/policies\/privacy\/\">Datenschutzbestimmungen von Google<\/a><\/p>\n<p>\u00a0<\/p>\n<h3>Google Schriftarten<\/h3>\n<p>\u00a0<\/p>\n<p>Diese Seite nutzt zur Darstellung bestimmte Schriftarten von Google. Beim Aufruf einer Seite l\u00e4dt Ihr Browser diese Schriftarten. Dabei wird Ihre IP-Adresse samt der Seite (Internetadresse), die Sie besucht haben, an einen Server der Firma Google \u00fcbertragen. Weitere Informationen zu diesen Google Schriftarten finden Sie unter\u00a0<a href=\"https:\/\/developers.google.com\/fonts\/faq\">https:\/\/developers.google.com\/fonts\/faq<\/a>\u00a0und in der Datenschutzerkl\u00e4rung von Google unter\u00a0<a href=\"https:\/\/www.google.com\/policies\/privacy\/\">https:\/\/www.google.com\/policies\/privacy\/<\/a><\/p>\n<p>\u00a0<\/p>\n<h3>Sicherheitshinweis<\/h3>\n<p>\u00a0<\/p>\n<p>Wir sichern unsere Webseite und sonstige IT-Systeme durch geeignete technische und organisatorische Ma\u00dfnahmen gegen Verlust, Zerst\u00f6rung, unberechtigten Zugriff, unberechtigte Ver\u00e4nderung oder unberechtigte Verbreitung Ihrer Daten ab. Ein vollst\u00e4ndiger Schutz gegen alle Gefahren ist praktisch trotz aller Sorgfalt jedoch nicht in jedem Fall m\u00f6glich. Weil bei der Kommunikation per E-Mail die vollst\u00e4ndige Datensicherheit von uns nicht gew\u00e4hrleistet werden kann, empfehlen wir zur \u00dcbermittlung von vertraulichen Informationen den Postweg.<\/p>\n<p>\u00a0<\/p>\n<h3>\u00c4nderungen dieser Datenschutzerkl\u00e4rung<\/h3>\n<p>\u00a0<\/p>\n<p>Wir behalten uns vor, diese Datenschutzerkl\u00e4rung zu \u00c3\u00a4ndern, wenn sich die Rechtslage oder dieses Online-Angebot oder die Art der Datenerfassung \u00e4ndert. Dies gilt jedoch nur bez\u00fcglich Erkl\u00e4rungen zur Datenverarbeitung. Sofern eine Einwilligung des Nutzers notwendig ist oder Bestandteile der Datenschutzerkl\u00e4rung eine Regelung des Vertragsverh\u00e4ltnisses mit Nutzern enthalten, erfolgt die \u00c4nderung der Datenschutzerkl\u00e4rung nur nach Zustimmung des Nutzers.<\/p>\n<p>Bitte informieren Sie sich daher bei Bedarf \u00fcber diese Datenschutzerkl\u00e4rung, insbesondere, wenn Sie personenbezogene Daten mitteilen.<\/p>\t\t\t\t\t\t\t\t<\/div>\n\t\t\t\t<\/div>\n\t\t\t\t\t<\/div>\n\t\t<\/div>\n\t\t\t\t\t<\/div>\n\t\t<\/section>\n\t\t\t\t<\/div>\n\t\t","protected":false},"excerpt":{"rendered":"<p>Impressum Kontakt: GDT IT Consult GmbH G\u00f6rresstra\u00dfe 39 48147 M\u00fcnster Telefon: 0251-2006735 \u00a0 Gesch\u00e4ftsf\u00fchrer: Thomas Niehoff &amp; Gereon ScheidelerSitz der Gesellschaft: G\u00f6rresstra\u00dfe 39, 48147 M\u00fcnsterAmtsgericht: M\u00fcnsterHRB: 5879SteuerNr.:337\/591\/0704\u00a0 Zertifizierter Datenschutzbeauftragter: Thomas Niehoff\u00a0 \u00a0 Haftungshinweis: Diese Webseite enth\u00e4lt ggf. externe Links zu Webseiten Dritter. Trotz sorgf\u00e4ltiger inhaltlicher Kontrolle unserer Webseite \u00fcbernehmen wir keine Verantwortung und Haftung f\u00fcr&hellip; <a class=\"more-link\" href=\"https:\/\/g-d-t.de\/homepage\/privacy-policy\/\"><span class=\"screen-reader-text\">Impressum<\/span> weiterlesen<\/a><\/p>\n","protected":false},"author":1,"featured_media":0,"parent":0,"menu_order":0,"comment_status":"closed","ping_status":"open","template":"","meta":{"footnotes":""},"_links":{"self":[{"href":"https:\/\/g-d-t.de\/homepage\/wp-json\/wp\/v2\/pages\/3"}],"collection":[{"href":"https:\/\/g-d-t.de\/homepage\/wp-json\/wp\/v2\/pages"}],"about":[{"href":"https:\/\/g-d-t.de\/homepage\/wp-json\/wp\/v2\/types\/page"}],"author":[{"embeddable":true,"href":"https:\/\/g-d-t.de\/homepage\/wp-json\/wp\/v2\/users\/1"}],"replies":[{"embeddable":true,"href":"https:\/\/g-d-t.de\/homepage\/wp-json\/wp\/v2\/comments?post=3"}],"version-history":[{"count":11,"href":"https:\/\/g-d-t.de\/homepage\/wp-json\/wp\/v2\/pages\/3\/revisions"}],"predecessor-version":[{"id":633,"href":"https:\/\/g-d-t.de\/homepage\/wp-json\/wp\/v2\/pages\/3\/revisions\/633"}],"wp:attachment":[{"href":"https:\/\/g-d-t.de\/homepage\/wp-json\/wp\/v2\/media?parent=3"}],"curies":[{"name":"wp","href":"https:\/\/api.w.org\/{rel}","templated":true}]}}